{"id":962,"date":"2022-03-06T22:32:27","date_gmt":"2022-03-06T21:32:27","guid":{"rendered":"https:\/\/plan74.de\/baukonzepte\/?page_id=962"},"modified":"2023-03-20T11:38:45","modified_gmt":"2023-03-20T10:38:45","slug":"ueber-uns","status":"publish","type":"page","link":"https:\/\/plan74.de\/baukonzepte\/ueber-uns\/","title":{"rendered":"\u00dcber uns"},"content":{"rendered":"<p>[et_pb_section fb_built=&#8220;1&#8243; _builder_version=&#8220;4.19.1&#8243; _module_preset=&#8220;default&#8220; global_colors_info=&#8220;{}&#8220;][et_pb_row _builder_version=&#8220;4.19.1&#8243; _module_preset=&#8220;default&#8220; global_colors_info=&#8220;{}&#8220;][et_pb_column type=&#8220;4_4&#8243; _builder_version=&#8220;4.19.1&#8243; _module_preset=&#8220;default&#8220; global_colors_info=&#8220;{}&#8220;][et_pb_text _builder_version=&#8220;4.20.2&#8243; _module_preset=&#8220;default&#8220; text_font=&#8220;|700||on|||||&#8220; text_text_color=&#8220;gcid-6c01d93b-1adb-4a37-aafe-5af6d0092c11&#8243; text_font_size=&#8220;45px&#8220; text_orientation=&#8220;center&#8220; hover_enabled=&#8220;0&#8243; global_colors_info=&#8220;{%22gcid-6c01d93b-1adb-4a37-aafe-5af6d0092c11%22:%91%22text_text_color%22%93}&#8220; sticky_enabled=&#8220;0&#8243;]<\/p>\n<p>\u00dcber uns<\/p>\n<p>[\/et_pb_text][et_pb_text _builder_version=&#8220;4.19.1&#8243; _module_preset=&#8220;default&#8220; global_colors_info=&#8220;{}&#8220;]<\/p>\n<p style=\"text-align: left\">Die plan74-Baukonzepte GmbH ist ein junges Unternehmen mit der Betriebsst\u00e4tte in Kottenheim in der Vordereifel. Die Firma realisiert \u2013 mit verschiedensten Systeml\u00f6sungen \u2013 Bauprojekte vom Tiny House bis zum Gro\u00dfprojekt.<br \/>Nachhaltigkeit ist unsere Leidenschaft. Deshalb produzieren wir selbst und genau dort, wo wir auch planen.<br \/>Energieeffizient, nachhaltig und schl\u00fcsselfertig \u2013 alles aus einer Hand.<\/p>\n<p>[\/et_pb_text][\/et_pb_column][\/et_pb_row][et_pb_row _builder_version=&#8220;4.19.1&#8243; _module_preset=&#8220;default&#8220; global_colors_info=&#8220;{}&#8220;][et_pb_column type=&#8220;4_4&#8243; _builder_version=&#8220;4.19.1&#8243; _module_preset=&#8220;default&#8220; global_colors_info=&#8220;{}&#8220;][et_pb_image src=&#8220;http:\/\/plan74.de\/baukonzepte\/wp-content\/uploads\/sites\/3\/2022\/10\/Halle-BK-Seite-ueber-uns-scaled.jpg&#8220; title_text=&#8220;Halle BK-Seite \u00fcber uns&#8220; _builder_version=&#8220;4.19.1&#8243; _module_preset=&#8220;default&#8220; global_colors_info=&#8220;{}&#8220;][\/et_pb_image][\/et_pb_column][\/et_pb_row][et_pb_row _builder_version=&#8220;4.19.1&#8243; _module_preset=&#8220;default&#8220; global_colors_info=&#8220;{}&#8220;][et_pb_column type=&#8220;4_4&#8243; _builder_version=&#8220;4.19.1&#8243; _module_preset=&#8220;default&#8220; global_colors_info=&#8220;{}&#8220;][et_pb_text _builder_version=&#8220;4.19.1&#8243; _module_preset=&#8220;default&#8220; global_colors_info=&#8220;{}&#8220;]<\/p>\n<p>Gr\u00fcnes Bauen, alternative Energien, Recycling und Weiterverwertung von Abfallprodukten motiviert t\u00e4glich unser Team aus Architekten, Ingenieuren, Handwerkern und kaufm\u00e4nnischen Mitarbeitern. Hierzu best\u00fccken wir unsere Bauten grunds\u00e4tzlich mit Photovoltaikanlagen. Mittels Einsatz von begr\u00fcnten D\u00e4chern und Fassadenelementen verbessern wir deren Haltbarkeit, wirken der Aufheizung in den St\u00e4dten entgegen und setzen \u00e4sthetische Akzente.<br \/>Gestalten Sie mit uns die Umwelt ein St\u00fcck weit lebens- und liebenswerter!<\/p>\n<p>[\/et_pb_text][\/et_pb_column][\/et_pb_row][\/et_pb_section]<\/p>\n","protected":false},"excerpt":{"rendered":"<p>\u00dcber unsDie plan74-Baukonzepte GmbH ist ein junges Unternehmen mit der Betriebsst\u00e4tte in Kottenheim in der Vordereifel. Die Firma realisiert \u2013 mit verschiedensten Systeml\u00f6sungen \u2013 Bauprojekte vom Tiny House bis zum Gro\u00dfprojekt.Nachhaltigkeit ist unsere Leidenschaft. Deshalb produzieren wir selbst und genau dort, wo wir auch planen.Energieeffizient, nachhaltig und schl\u00fcsselfertig \u2013 alles aus einer Hand.Gr\u00fcnes Bauen, alternative [&hellip;]<\/p>\n","protected":false},"author":1,"featured_media":0,"parent":0,"menu_order":0,"comment_status":"closed","ping_status":"closed","template":"","meta":{"_et_pb_use_builder":"on","_et_pb_old_content":"","_et_gb_content_width":"","footnotes":""},"class_list":["post-962","page","type-page","status-publish","hentry"],"_links":{"self":[{"href":"https:\/\/plan74.de\/baukonzepte\/wp-json\/wp\/v2\/pages\/962","targetHints":{"allow":["GET"]}}],"collection":[{"href":"https:\/\/plan74.de\/baukonzepte\/wp-json\/wp\/v2\/pages"}],"about":[{"href":"https:\/\/plan74.de\/baukonzepte\/wp-json\/wp\/v2\/types\/page"}],"author":[{"embeddable":true,"href":"https:\/\/plan74.de\/baukonzepte\/wp-json\/wp\/v2\/users\/1"}],"replies":[{"embeddable":true,"href":"https:\/\/plan74.de\/baukonzepte\/wp-json\/wp\/v2\/comments?post=962"}],"version-history":[{"count":52,"href":"https:\/\/plan74.de\/baukonzepte\/wp-json\/wp\/v2\/pages\/962\/revisions"}],"predecessor-version":[{"id":1210,"href":"https:\/\/plan74.de\/baukonzepte\/wp-json\/wp\/v2\/pages\/962\/revisions\/1210"}],"wp:attachment":[{"href":"https:\/\/plan74.de\/baukonzepte\/wp-json\/wp\/v2\/media?parent=962"}],"curies":[{"name":"wp","href":"https:\/\/api.w.org\/{rel}","templated":true}]}}